 and w?
11
Let x = -32 - -35. Suppose -x*z + 24 = b, 2*b - 4*z + 0 = 8. What is the highest common factor of b and 156?
12
Suppose -2520 = -3*y + 3*o + 2295, -4*y + o = -6405. Suppose 0 = -4*z - 6*z + y. Let p be (z/(-15))/(3/(-45)). What is the highest common divisor of p and 16?
16
Let m(w) = 660*w + 29362. Let t be m(0). What is the greatest common factor of t and 212?
106
Let o = -51957 - -52003. Suppose 0 = 2*f, -2*n + 3*f = -8 - 0. What is the highest common factor of n and o?
2
Suppose 4*s - 167 = 25. Let z = -491 - -398. Let f = 105 + z. Calculate the highest common factor of f and s.
12
Let x(u) = 6*u**2 - 8 - 1 - 7*u - 1. Let k be ((-14)/56*6)/(6/16). Let b be x(k). What is the greatest common divisor of b and 6?
6
Let l(c) = -c**3 + 19*c**2 - 33*c - 15. Let k = -8 + 25. Let m be l(k). Let n(r) = 7*r**2 - r. Let t be n(-1). Calculate the greatest common factor of m and t.
2
Let d = 9 + 82. Let h = d + -75. Suppose 0 = 5*r, -5*r = 4*y - 5*y + h. Calculate the greatest common divisor of y and 112.
16
Let b = 17991 - 17937. What is the highest common divisor of 18468 and b?
54
Suppose -1 = z - 5. Let m(a) = -2*a**2 - 16*a - 3. Let b be m(-6). Suppose b*g = -12*g + 132. Calculate the greatest common factor of z and g.
4
Let f(x) be the third derivative of -5*x**4/12 + 5*x**3/6 - 2*x**2 - 89. Let o be f(-7). Calculate the greatest common divisor of o and 135.
15
Let z be 5/(5/22)*1. Let q = -1446 + 1512. What is the highest common factor of q and z?
22
Let f = 446 - 285. Let c = 165 - f. Calculate the greatest common factor of 16 and c.
4
Let t(v) = -2*v**3 - 88*v**2 - 224*v - 106. Let a be t(-43). Calculate the highest common factor of 620 and a.
124
Suppose 0 = 9*l - 8*l, -3*p - 3*l = -0*l - 450. Calculate the highest common divisor of 1065 and p.
15
Let c be (-34)/(-14) - 3/7. Let y be c/6 + (-8)/24. Suppose 3*g + 15 - 75 = y. What is the highest common factor of 220 and g?
20
Let t be (3060/(-126))/(2/(-14)). Let r = t - 159. Let j be (66/4)/(2/4). Calculate the highest common factor of j and r.
11
Let q = -49 + 51. Suppose -q*k = k + 30. Let a be (k/3*2)/((-1)/3). Calculate the greatest common divisor of 100 and a.
20
Suppose 5*w = -22*g + 19*g + 12241, 4*w = -2*g + 8166. What is the highest common factor of 392 and g?
49
Suppose -g + 1292 = 1283. Calculate the greatest common factor of g and 6.
3
Suppose -2*i + 32 = 4*a, -68 + 75 = a. What is the highest common divisor of i and 1962?
2
Let l(c) = 5*c - 61. Let a(h) = 3*h - 30. Let t(n) = 7*a(n) - 4*l(n). Let i be t(-26). Calculate the greatest common divisor of 472 and i.
8
Let d(b) = 3*b**3 - 72*b**2 + 7. Let x be d(24). Let w be (-1)/(-3)*-15 + x + 1. Calculate the highest common divisor of w and 19.
1
Let o be -3*2*((-140)/(-24))/(-7). Let v = -24 - -40. Suppose 3*h + 21 = c, -o*h = -c + 15 + v. Calculate the greatest common factor of 2 and c.
2
Suppose 17 = -24*o + 7*o. Let u be -2 + o + (-1 - -1) + 30. Calculate the greatest common factor of u and 18.
9
Let m(p) be the third derivative of 11*p**4/24 - 7*p**3/6 - 20*p**2. Let y be m(-3). Let l be (12/(-24))/(2/y). What is the greatest common factor of 2 and l?
2
Suppose -5*d + 21 = -3*b, 0*d - 3*b - 15 = -4*d. Let j = 47 - 31. Let v be 94/8 - (-1 + 12/j). What is the highest common factor of v and d?
6
Let q be (-15)/(-6)*-2 + 17. Let o(n) = -3*n**2 + 39*n - 25. Let a be o(q). Calculate the greatest common factor of a and 176.
11
Suppose 3*t + 2972 = 440. Let i be t/(-10) + 24/40. Calculate the greatest common divisor of i and 17.
17
Suppose -3*r - 12 + 48 = 0. Suppose -3*w + 4 - 13 = -t, -4*w = -4*t + r. Let q be (-208)/w + (-12)/(-18) - 0. Calculate the highest common factor of q and 28.
14
Let r(i) = 655*i**2 - i + 2. Let y be r(1). Calculate the highest common divisor of y and 8.
8
Let o be (8 + -1814 + -9)*(-120)/75. What is the greatest common divisor of 2376 and o?
264
Let r(s) = -11*s**2 - 1323*s - 1648. Let d be r(-119). Let a be (42/2)/((-1)/(-6)). What is the greatest common divisor of d and a?
18
Suppose 127 = -37*u + 201. What is the greatest common factor of u and 1336?
2
Let i = 17 + -19. Let f be 50/(-30)*i*9. Suppose 4*p + p - f = 0. Calculate the greatest common factor of 2 and p.
2
Let x = 188 + -64. Suppose -7592*i + 1364 = -7570*i. Calculate the highest common divisor of i and x.
62
Suppose 4*n = z + 1516, -2*n - z + 724 = -28. What is the greatest common divisor of n and 819?
63
Let w be ((-64)/40)/((-3)/(-2505)). Let v = w - -2024. Calculate the greatest common factor of 43 and v.
43
Suppose -4*b = 16, -36 = -4*m + 2*b - b. Suppose q = -2, 2 - 1002 = -2*h - 4*q. What is the highest common divisor of h and m?
8
Suppose -13*m - 40 = -18*m. Suppose 3*v - d - 7 = 0, -m = -d - 3*d. Suppose 2*j = v*j - 105. Calculate the greatest common divisor of 15 and j.
15
Suppose 894 = 2*k - 3*c, -3*k - 48*c + 43*c = -1284. Calculate the highest common divisor of 10293 and k.
219
Suppose -22*h = -p - 24*h + 586, -5*p + 2882 = -2*h. Suppose 4*g + 551 - 2973 = 2*u, 0 = g + 5*u - p. Calculate the greatest common factor of g and 134.
67
Let o = 207 - 187. Let u = 171 - -197. Suppose -u = -5*p + 732. What is the highest common divisor of o and p?
20
Suppose -168 = -2*x + 152*n - 148*n, -3*n = -4*x + 351. Suppose -a + 274 - 64 = 0. Calculate the greatest common factor of x and a.
30
Suppose 60 = 12*h + h - 174. Calculate the highest common divisor of h and 28062.
18
Let d(v) = v**2 - 44*v - 5247. Let m be d(99). What is the highest common factor of m and 576?
18
Let a be (-2 + 7 - (8 + -6)) + 171. Let q(r) = r**2 + 9*r + 12. Let i be q(11). What is the highest common factor of a and i?
58
Suppose -5*z + 2*s + 6502 = -9767, -s = -3. What is the greatest common factor of 525 and z?
105
Suppose 7*z + 36 = 16*z. Suppose 3*x - 8*a - 104 = -z*a, 2*x = 2*a + 68. Calculate the greatest common factor of x and 40.
8
Let g = 880 + 128. Suppose -3*x + 10*x = g. Calculate the highest common factor of x and 9.
9
Let l(t) = 7*t**2 - 29*t + 119. Let a be l(13). Calculate the highest common factor of 1295 and a.
185
Let i = -204 - -368. Suppose 2561*y = 2549*y + 984. What is the greatest common factor of i and y?
82
Let h(a) = 8*a - 21. Let s be h(5). Suppose -71 = 5*r - 4*k, 3*r - 3*k = -s - 26. Let l = r + 62. Calculate the greatest common divisor of 17 and l.
17
Let s(a) = 6*a + 47. Let v be s(-8). Let z be (-7 + v)*(3 + 26/(-4)). Calculate the highest common factor of z and 35.
7
Let x = 3813 - 3588. What is the greatest common divisor of x and 725?
25
Suppose 0*b - b = -58. Let j(s) = 8*s**2 - 7*s + 406. Let g be j(0). Calculate the highest common factor of b and g.
58
Let i be ((-54600)/(-3822))/(2/84). What is the greatest common divisor of i and 14040?
120
Let t be 15 - (-24)/(-3) - 5. Suppose 0 = -h - t*m + 19, -4*h + 56 = 3*m - 0*m. What is the greatest common factor of 77 and h?
11
Let w(k) = 163*k + 3110. Let p be w(-19). Calculate the highest common factor of p and 13793.
13
Let h = -46 + 60. Suppose -1005 = -7*w + 808. Calculate the highest common divisor of h and w.
7
Let c(z) = 9*z**2 - 53*z + 46. Let w be c(1). Let j = 6 + 0. Let p = 8 + j. Calculate the highest common divisor of p and w.
2
Let p be 330/21 + 10/35. Suppose -d + 9*d = p. Suppose -d*s - 42 = -4*v, 5*s - 64 = -0*v - 3*v. What is the greatest common divisor of 52 and v?
13
Suppose 47*m - 42 = 45*m. Suppose 0 = -17*l + m*l - 28. Calculate the highest common divisor of l and 49.
7
Let m = 73 + -200. Let a = m - -136. Let l be (4 - 2)*a/(-2)*-1. What is the greatest common divisor of l and 9?
9
Let g(l) = 297*l + 1074. Let z be g(13). What is the greatest common factor of z and 141?
141
Let b = 39 - 36. Let t be -3 + (1 - (-69)/b). Let h = t + -17. What is the highest common divisor of h and 2?
2
Suppose -4*n = -n - 3, -5*n - 1455 = 4*p. Let d = p + 573. Suppose 338 = 397*z - 384*z. Calculate the highest common divisor of d and z.
26
Let v = -876 - -897. Suppose v*j + 15*j = 17820. What is the highest common divisor of 22 and j?
11
Let d = 50 - 50. Suppose -5 = -5*v + 4*z, -4*z = -d*z. Let a(g) = 25*g**2 + 2*g. Let i be a(v). What is the highest common factor of 3 and i?
3
Let m be (-4)/(-5) + -1 + (-21 - (-10478)/65). What is the highest common divisor of m and 90